 11*v**4/24 - v**3/6 - 5*v**2. What is the tens digit of y(-8)?
2
Let l be 1*2*4/(-1). Let s be (3 + -2 - -1) + l. Let o = s - -10. What is the units digit of o?
4
What is the units digit of 392 - ((-14)/(-49) + 18/(-14))?
3
What is the hundreds digit of ((-3940)/(-5))/4 + -1?
1
Let w = 9 - 4. What is the tens digit of w/(-15) + 88/3?
2
Let s(a) = -a**2 - a. Let g be s(3). Let y = -5 - g. Let r = 12 - y. What is the units digit of r?
5
Let v be (3*12/9)/1. Suppose -v*l = -3*l + i - 22, -l = -5*i + 8. What is the units digit of l?
7
Let h = -23 - -12. Let j = h - -19. What is the units digit of j?
8
Let b = 7 - 7. Suppose -2*o + 10 - 2 = b. What is the units digit of o?
4
Let u(x) = -x**2 + 10. Let z be u(0). Let v = z - 4. What is the units digit of v?
6
Let h = 2 - 2. Suppose -5*a + 0*v - 2*v + 79 = h, 0 = a + 3*v - 21. Let i = a + -8. What is the units digit of i?
7
What is the units digit of 5/((-5)/(-14)) + -3?
1
Suppose 3*p - 45 - 93 = 0. What is the tens digit of p?
4
Let g = 49 - 99. Let x = g + 85. What is the units digit of x?
5
Suppose 0*n + 40 = -5*n. Let w = n + 17. Suppose 2*y - 21 = 4*k + w, -k = 3*y - 10. What is the units digit of y?
5
Let a = 180 - 63. What is the units digit of a?
7
Let z = 61 - 39. Suppose 0 = -5*v - f + z, -4*f + 19 = 3*v - 1. Suppose 0 = p - 4*r - 12, 10 = v*p + r + 2*r. What is the units digit of p?
4
Suppose 6 = 4*b + 2. Suppose 5*f - 3*t = 9, 0*t + t + b = f. What is the units digit of f?
3
Let f = -161 - -278. What is the hundreds digit of f?
1
Let w = 17 + -3. Let p = w + -5. What is the units digit of p?
9
Let h(d) = -d**3 + 4*d**2 + 2*d - 6. Let x = 5 + -1. Let o be h(x). Suppose -v + 1 = 4*q + 2*v, -v = 3*q - o. What is the units digit of q?
1
Let x(q) = q**3 - 2*q**2 + 3*q - 2. Let d be x(2). Suppose 4*m - 4*i + 0 + d = 0, 2*m - 4*i = -6. What is the units digit of m?
1
Let u(l) = -8*l - 8. What is the units digit of u(-9)?
4
Let s(n) = n**3 + 2*n**2 + 2*n + 1. Let y be s(0). Let l(r) = -5 + 17*r + 1 + 5. What is the tens digit of l(y)?
1
Let o be 2/(-5) + (-137)/(-5). What is the units digit of -1 + (o/3)/3?
2
Let i(t) = t**2 + 9*t + 10. Suppose 4*d + 22 + 10 = 0. What is the units digit of i(d)?
2
Suppose -5*u - 2*h + 6 = 0, 5*u + 4*h = h + 4. Suppose 3*t - u*f - 8 = -f, -2*t = 5*f + 23. Let n(x) = 4*x - 1. What is the units digit of n(t)?
3
Suppose -5*d = -c - 6 + 3, -3*c + 5 = -d. Suppose -4*b = -8, -c*m + 3*b = -3*m + 57. What is the units digit of m?
1
Suppose 0 = -3*n + 5*d + 27, 4*n - 6*d = -d + 31. Suppose 0 = -3*a + 3*g + 60, n*g = -5*a - 0*g + 109. What is the units digit of a?
1
Let a(c) = -c**3 - 5*c**2 + 5*c - 1. Let l be a(-6). What is the units digit of (l/5)/(2/8)?
4
Let r(q) be the first derivative of 6*q**2 + 2*q + 1. What is the units digit of r(2)?
6
Let v = 55 + -49. What is the units digit of v?
6
Suppose -7*m + 519 + 265 = 0. What is the tens digit of m?
1
Let y(b) = 2*b - 4. Let s be y(3). Suppose 0*z = s*n - 2*z - 8, -5*n + 3*z + 14 = 0. What is the units digit of n?
1
Suppose 2*g = -5*x + 45, 2*x + 0*x + 2*g = 18. What is the units digit of x?
9
Suppose 0 = 5*z + 2*i + 28, -4*z = i + 2*i + 28. Let c(d) = 3*d + 5*d**3 + 0*d**3 + 5*d**2 - 4*d**3 - 2. What is the units digit of c(z)?
2
Let w = -8 + 5. Let k(h) be the third derivative of -h**4/6 - h**3/2 + h**2. What is the units digit of k(w)?
9
Let g(v) = -1 - 5*v + 6*v**2 + 3*v + 2*v. What is the units digit of g(-1)?
5
Let j(s) = -s**3 + 5. Suppose -3*c = 5*k - 31 + 1, 0 = 4*k + c - 24. Let w be (-2)/3 + k/9. What is the units digit of j(w)?
5
Let h(r) = 2*r**2 + 4*r. Let c be h(-3). Let u(t) = -t + 13. What is the units digit of u(c)?
7
Let x = 14 - 6. What is the tens digit of (-12)/x*(-140)/6?
3
Suppose -5*m + m = 12. What is the units digit of (9/6)/(m/(-6))?
3
Suppose 0*v = -4*v. Suppose v*j + 38 = 2*j. What is the units digit of j?
9
Let z be 8/12*(-141)/2. Let y = -26 - z. What is the tens digit of y?
2
Let n = 25 + 26. What is the units digit of n?
1
Let w(t) = -t**3 + 9*t**2 - 7*t - 8. Let m be w(8). Let j(i) = i**3 - i**2 + i + 8. What is the units digit of j(m)?
8
What is the hundreds digit of 7623/42 - 1/2?
1
Let s(o) = 11*o**2 - 2. What is the units digit of s(-2)?
2
Let n be 2 - -2*(-3 + 2). Suppose -4*v = 4*l - 41 - 95, l - v - 42 = n. What is the units digit of l?
8
Let t(z) = -z**2 - 7*z - 8. Let l be t(-6). Let n = l - -3. What is the units digit of n/4 + (-38)/(-8)?
5
What is the tens digit of -1 - (0/11 + -6*29)?
7
Let s(k) = 81*k - 1. Let f be s(-1). Let g = -48 - f. What is the tens digit of g?
3
Suppose 3 = -5*s - 7. What is the units digit of -4 - (-4 - (-70)/s)?
5
Suppose 0*d - 6 = -3*d. Suppose 4 = -5*t + d*t - 5*n, t + 4*n = -6. What is the units digit of t?
2
Suppose 2*h + 261 = 5*h. What is the units digit of h?
7
Let r = -10 - -15. Let c(s) = -s + 7. Let a be c(r). Suppose 19 = -5*m + 5*q + 64, -a*q = 2. What is the units digit of m?
8
Let k = 27 - 30. What is the units digit of 8/k*168/(-16)?
8
Let k be (-4)/6 - 28/(-6). What is the units digit of ((-3)/6)/((-2)/k)?
1
Let j be (-124)/(-6)*(2 - -4). Suppose j = 6*p - 98. What is the units digit of p?
7
Suppose 3*g - 4*s - 29 - 57 = 0, -g = s - 31. What is the tens digit of g?
3
Let i(k) = -3*k - 14. Let v(y) = -14*y**3 + y**2. Let x be v(1). What is the tens digit of i(x)?
2
Let p(k) = 2*k**2 - 5*k - 2. Let h be (2 - -2)/2*2. What is the units digit of p(h)?
0
Let h(n) = 7*n - 1. Let l(r) = -r**3 - 3*r**2 - 2*r + 1. Suppose 0 = -f - 3*u - 2, 5*u + 0 - 6 = 3*f. Let q be l(f). What is the units digit of h(q)?
6
Let b(i) = 4*i**2 + i. Let l be b(-1). Suppose -l*d = 12, -4*v - 5*d = -v - 34. What is the tens digit of v?
1
What is the units digit of ((-15)/20)/((-1)/20)?
5
What is the units digit of ((-12)/(-14))/((-1)/(-35))?
0
Let n(b) = b**2 - 8*b + 15. Let r be n(6). Suppose 0 = -r*c + 3 - 0. What is the units digit of c?
1
Let o(w) be the second derivative of -2*w**3/3 - w**2 + 6*w. What is the tens digit of o(-6)?
2
Let y(u) = -u**3 + 6*u**2 + u - 4. Let m be y(6). Suppose 6*a - 100 = m*a. Suppose -2*k + 5*p = -4 - 6, -5*k - 2*p = -a. What is the units digit of k?
5
What is the units digit of 1 + 9/((-27)/(-42))?
5
Let j = 28 + -18. What is the tens digit of j?
1
Let b = -12 + 6. Let d be (-2 - 9/(-6))*b. Let s = d - -1. What is the units digit of s?
4
Let u(y) = -4 + 4*y**3 - 7*y + 5*y**2 - 3 + 1 - 3*y**3. Let v be u(-6). Let i(r) = r + 20. What is the units digit of i(v)?
0
Suppose 0 = 14*n - 22*n + 2136. What is the units digit of n?
7
Let d(p) = -p**3 + 7*p**2 - 8*p + 5. Let l(w) = -2*w - 9. Let a be l(-7). What is the units digit of d(a)?
5
Let p = 69 - 49. What is the tens digit of p?
2
Let w(t) = 2*t**2 - 6*t - 3. Let q be w(6). Let n = q + -20. What is the units digit of n?
3
Suppose -3*y = -4*c - 0*y - 5, 8 = 2*c + 2*y. Let x be (-1*c)/(-2 - -1). Suppose 4*p - 25 = -x. What is the units digit of p?
6
Suppose 0*v + 2*v = 2. What is the units digit of v - -1 - 4 - -12?
0
Suppose 2*r + 9 = -2*w + w, 16 = -3*r - w. Let b = 11 + r. Let j(n) = -n**3 + 5*n**2 - 4*n + 1. What is the units digit of j(b)?
1
Suppose -2*z - 1 = -19. Let x = z + 39. Suppose x = 10*w - 6*w. What is the tens digit of w?
1
Suppose -6 = 4*m + 2. Let y(a) = 7*a**2 + 3*a. What is the units digit of y(m)?
2
Suppose -5 = -5*h + 15. Let o = h + 0. Suppose 0*p + 40 = 4*s - o*p, s = 2*p + 12. What is the units digit of s?
8
Let m = 33 + -3. Let c = m + -18. What is the units digit of c?
2
Let l(x) = -x**3 - 5*x**2 + 7*x + 6. Let u be l(-6). Suppose u = 4*j + 1 - 5. Suppose 0 = -c - j + 6. What is the units digit of c?
5
Let y = 20 + -12. What is the units digit of 5/((-4)/y*-2)?
5
Suppose 0 = -2*b - o + 4 + 3, 4*b + 1 = -5*o. Suppose 2*n - 4*g = 26, -3*n - 56 = -7*n + 4*g. What is the units digit of 28/b*n/10?
7
Suppose -2*o + 11 = 1, 2*t = -4*o + 676. What is the units digit of t?
8
What is the units digit of (-1 - -2)*(1 + 38)?
9
Suppose 0 = -4*w + 5*d + 286, 0 = 6*w - 3*w + 2*d - 203. What is the units digit of w?
9
Suppose -2*o + 33 = -p, 3*o + 5*p = p + 44. Suppose 0 = -6*k + 4*k + o. Suppose 0 = j - 3*l + k - 0, -5*l + 46 = 3*j. What is the units digit of j?
7
Suppose -6*x + 949 - 349 = 0. Let n = x + -56. What is the units digit of n?
4
Suppose -3*p + 5 - 20 =